e hundred thousands digit of 40007390?
0
What is the thousands digit of 215051?
5
What is the tens digit of 2035470?
7
What is the units digit of 33408998?
8
What is the hundred thousands digit of 22940752?
9
What is the tens digit of 69816?
1
What is the ten thousands digit of 211587?
1
What is the units digit of 787525?
5
What is the ten thousands digit of 94223?
9
What is the tens digit of 1724672?
7
What is the tens digit of 19140840?
4
What is the tens digit of 600592?
9
What is the hundreds digit of 8447947?
9
What is the thousands digit of 16554698?
4
What is the thousands digit of 494209?
4
What is the thousands digit of 2857778?
7
What is the thousands digit of 7257721?
7
What is the hundred thousands digit of 9695735?
6
What is the hundreds digit of 437836?
8
What is the units digit of 782986?
6
What is the ten thousands digit of 619503?
1
What is the tens digit of 123050?
5
What is the units digit of 785451?
1
What is the ten thousands digit of 8475088?
7
What is the tens digit of 19955778?
7
What is the ten thousands digit of 679078?
7
What is the tens digit of 3989874?
7
What is the thousands digit of 340936?
0
What is the units digit of 138576?
6
What is the tens digit of 2067937?
3
What is the tens digit of 161086?
8
What is the tens digit of 4591494?
9
What is the ten thousands digit of 1186645?
8
What is the hundreds digit of 289857?
8
What is the thousands digit of 260997?
0
What is the hundred thousands digit of 388314?
3
What is the ten thousands digit of 729511?
2
What is the ten thousands digit of 29207117?
0
What is the millions digit of 2457060?
2
What is the units digit of 16453957?
7
What is the ten thousands digit of 43711?
4
What is the hundred thousands digit of 24569421?
5
What is the thousands digit of 416575?
6
What is the ten thousands digit of 54887?
5
What is the tens digit of 6856190?
9
What is the millions digit of 1440370?
1
What is the ten thousands digit of 219967?
1
What is the hundreds digit of 203216?
2
What is the ten thousands digit of 208675?
0
What is the thousands digit of 461572?
1
What is the units digit of 16734266?
6
What is the thousands digit of 609262?
9
What is the ten thousands digit of 3406314?
0
What is the millions digit of 2422918?
2
What is the units digit of 5980447?
7
What is the units digit of 7707?
7
What is the units digit of 6988020?
0
What is the hundred thousands digit of 2574252?
5
What is the hundred thousands digit of 2102513?
1
What is the tens digit of 1859168?
6
What is the tens digit of 2561224?
2
What is the ten thousands digit of 36172?
3
What is the hundreds digit of 254811?
8
What is the hundred thousands digit of 3338724?
3
What is the units digit of 42184?
4
What is the hundreds digit of 1288544?
5
What is the hundreds digit of 88057?
0
What is the ten thousands digit of 12510716?
1
What is the ten thousands digit of 71048?
7
What is the tens digit of 506939?
3
What is the hundreds digit of 94846?
8
What is the ten thousands digit of 42673947?
7
What is the hundreds digit of 1011360?
3
What is the units digit of 1995730?
0
What is the ten thousands digit of 107067?
0
What is the ten thousands digit of 1011513?
1
What is the ten thousands digit of 25013?
2
What is the ten thousands digit of 144867?
4
What is the tens digit of 227191?
9
What is the units digit of 3019373?
3
What is the hundreds digit of 26087387?
3
What is the tens digit of 217271?
7
What is the tens digit of 75200?
0
What is the hundreds digit of 43256?
2
What is the units digit of 228101?
1
What is the ten thousands digit of 107659?
0
What is the units digit of 42288011?
1
What is the hundred thousands digit of 211276?
2
What is the units digit of 288296?
6
What is the units digit of 878316?
6
What is the hundred thousands digit of 1497511?
4
What is the ten thousands digit of 3654080?
5
What is the thousands digit of 1960400?
0
What is the hundred thousands digit of 9266835?
2
What is the hundreds digit of 1323351?
3
What is the millions digit of 1385015?
1
What is the thousands digit of 139674?
9
What is the tens digit of 7033885?
8
What is the millions digit of 10892963?
0
What is the ten thousands digit of 762132?
6
What is the hundred thousands digit of 239005?
2
What is the tens digit of 22331023?
2
What is the tens digit of 253716?
1
What is the units digit of 2693817?
7
What is the thousands digit of 993590?
3
What is the ten thousands digit of 1723365?
2
What is the hundred thousands digit of 948334?
9
What is the units digit of 1744806?
6
What is the tens digit of 2977849?
4
What is the tens digit of 196058?
5
What is the hundreds digit of 242774?
7
What is the units digit of 675586?
6
What is the units digit of 351704?
4
What is the hundreds digit of 1915206?
2
What is the thousands digit of 799741?
9
What is the units digit of 352686?
6
What is the ten thousands digit of 2313142?
1
What is the ten thousands digit of 659589?
5
What is the ten thousands digit of 712507?
1
What is the hundreds digit of 27281?
2
What is the hundreds digit of 184283?
2
What is the ten thousands digit of 150526?
5
What is the thousands digit of 3122013?
2
What is the tens digit of 15804?
0
What is the ten thousands digit of 391213?
9
What is the hundreds digit of 1576817?
8
What is the tens digit of 7822373?
7
What is the hundreds digit of 43440?
4
What is the thousands digit of 9583937?
3
What is the hundreds digit of 591?
5
What is the millions digit of 1334244?
1
What is the thousands digit of 563589?
3
What is the hundreds digit of 431266?
2
What is the units digit of 3050244?
4
What is the ten thousands digit of 2143999?
4
What is the ten thousands digit of 354011?
5
What is the hundreds digit of 876102?
1
What is the tens digit of 219094?
9
What is the hundred thousands digit of 7682440?
6
What is the hundred thousands digit of 965647?
9
What is the hundred thousands digit of 340748?
3
What is the hundreds digit of 363892?
8
What is the hundred thousands digit of 210105?
2
What is the tens digit of 19924035?
3
What is the hundreds digit of 41752?
7
What is the units digit of 18705?
5
What is the millions digit of 14629684?
4
What is the tens digit of 5024202?
0
What is the hundreds digit of 1843036?
0
What is the units digit of 5566576?
6
What is the thousands digit of 135733?
5
What is the tens digit of 10462?
6
What is the ten thousands digit of 1952470?
5
What is the hundreds digit of 80482?
4
What is the ten thousands digit of 5186242?
8
What is the hundred thousands digit of 700280?
7
What is the ten thousands digit of 3744084?
4
What is the hundred thousands digit of 1889399?
8
What is the hundred thousands digit of 7395233?
3
What is the hundreds digit of 245841?
8
What is the hundreds digit of 23432511?
5
What is the tens digit of 3170365?
6
What is the ten millions digit of 15500024?
1
What is the thousands digit of 342911?
2
What is the ten thousands digit of 11318100?
1
What is the ten thousands digit of 608112?
0
What is the tens digit of 4448?
4
What is the hundreds digit of 88365?
3
What is the hundred thousands digit of 1144652?
1
What is the ten thousands digit of 331416?
3
What is the ten thousands digit of 3787052?
8
What is the ten thousands digit of 4326061?
2
What is the tens digit of 14249571?
7
What is the ten thousands digit of 57395?
5
What is the hundreds digit of 343457?
4
What is the thousands digit of 1592996?
2
What is the tens digit of 749523?
2
What is the ten thousands digit of 8108018?
0
What is the units digit of 202410?
0
What is the millions digit of 3064019?
3
What is the ten thousands digit of 16469907?
6
What is the units digit of 36385?
5
What is the units digit of 429507?
7
What is the hundreds digit of 3703979?
9
What is the units digit of 3246564?
4
What is the hundred thousands digit of 2013019?
0
What is the units digit of 5417204?
4
What is the ten thousands digit of 214221?
1
What is the thousands digit of 716964?
6
What is the units digit of 3901531?
1
What is the ten thousands digit of 870691?
7
What is the hundred thousands digit of 451500?
4
What is the ten millions digit of 11318561?
1
What is the hundred thousands digit of 361799?
3
What is the units digit of 2240184?
4
What is the tens digit of 3833399?
9
What is the hundreds digit of 214341